{"id":9440,"date":"2023-03-16T11:51:33","date_gmt":"2023-03-16T09:51:33","guid":{"rendered":"https:\/\/www.valtekno.fi\/kauppa\/?post_type=product&#038;p=9440"},"modified":"2026-03-06T09:30:27","modified_gmt":"2026-03-06T07:30:27","slug":"naytto-salkkupaneeliin-mt50","status":"publish","type":"product","link":"https:\/\/www.valtekno.fi\/kauppa\/tuote\/naytto-salkkupaneeliin-mt50\/","title":{"rendered":"Ulkoinen n\u00e4ytt\u00f6 Epeverin latauss\u00e4\u00e4timiin"},"content":{"rendered":"<p>&nbsp;<\/p>\n<p>Asennetaan esim. matkailuauton sis\u00e4lle, jotta voidaan tarkkailla aurinkopaneelin toimintaa ja tarvittaessa muuttaa asetuksia.<\/p>\n<p>Toimitus sis\u00e4lt\u00e4\u00e4 n. 2 metrin pituisen johdon, jolla n\u00e4ytt\u00f6 saadaan kytketty\u00e4 Epeverin yhteensopiviin latauss\u00e4\u00e4timiin (LSxxxxB(P), VSxxxxBN ja TracerxxxxBN(P)). Tarkista yhteensopivuus tarvittaessa myyj\u00e4lt\u00e4.<\/p>\n<p>N\u00e4ytt\u00f6paneeli voidaan joko upottaa levyrakenteeseen tai pinta-asentaa mukana tulevan kotelon avulla. Kiinnitysruuvit tulevat mukana<\/p>\n","protected":false},"excerpt":{"rendered":"<p>&nbsp; Asennetaan esim. matkailuauton sis\u00e4lle, jotta voidaan tarkkailla aurinkopaneelin toimintaa ja tarvittaessa muuttaa asetuksia. Toimitus sis\u00e4lt\u00e4\u00e4 n. 2 metrin pituisen johdon, jolla n\u00e4ytt\u00f6 saadaan kytketty\u00e4 Epeverin yhteensopiviin latauss\u00e4\u00e4timiin (LSxxxxB(P), VSxxxxBN ja TracerxxxxBN(P)). Tarkista yhteensopivuus tarvittaessa myyj\u00e4lt\u00e4. N\u00e4ytt\u00f6paneeli voidaan joko upottaa levyrakenteeseen tai pinta-asentaa mukana tulevan kotelon avulla. Kiinnitysruuvit tulevat mukana<\/p>\n","protected":false},"featured_media":9443,"template":"","meta":{"jetpack_post_was_ever_published":false,"jetpack_publicize_message":"","jetpack_publicize_feature_enabled":true,"jetpack_social_post_already_shared":true,"jetpack_social_options":{"image_generator_settings":{"template":"highway","default_image_id":0,"font":"","enabled":false},"version":2}},"product_brand":[],"product_cat":[32],"product_tag":[115,102,103,42,292,295,107,100,101,24,296,104,234,43,294,41,106,105],"class_list":{"0":"post-9440","1":"product","2":"type-product","3":"status-publish","4":"has-post-thumbnail","6":"product_cat-lisavarusteet","7":"product_tag-100-w","8":"product_tag-asuntoautoon","9":"product_tag-asuntovaunuun","10":"product_tag-aurinkopaneeli","11":"product_tag-epever","12":"product_tag-jatkojohto","13":"product_tag-kompakti","14":"product_tag-matkailuautoon","15":"product_tag-matkailuvaunuun","16":"product_tag-mppt","17":"product_tag-mt50","18":"product_tag-mokille","19":"product_tag-nayttopaneeli","20":"product_tag-salkku","21":"product_tag-salkkumalli","22":"product_tag-taitettava","23":"product_tag-taittuva","24":"product_tag-veneeseen","26":"first","27":"instock","28":"sale","29":"taxable","30":"shipping-taxable","31":"purchasable","32":"product-type-simple"},"jetpack_publicize_connections":[],"jetpack_sharing_enabled":true,"_links":{"self":[{"href":"https:\/\/www.valtekno.fi\/kauppa\/wp-json\/wp\/v2\/product\/9440","targetHints":{"allow":["GET"]}}],"collection":[{"href":"https:\/\/www.valtekno.fi\/kauppa\/wp-json\/wp\/v2\/product"}],"about":[{"href":"https:\/\/www.valtekno.fi\/kauppa\/wp-json\/wp\/v2\/types\/product"}],"wp:featuredmedia":[{"embeddable":true,"href":"https:\/\/www.valtekno.fi\/kauppa\/wp-json\/wp\/v2\/media\/9443"}],"wp:attachment":[{"href":"https:\/\/www.valtekno.fi\/kauppa\/wp-json\/wp\/v2\/media?parent=9440"}],"wp:term":[{"taxonomy":"product_brand","embeddable":true,"href":"https:\/\/www.valtekno.fi\/kauppa\/wp-json\/wp\/v2\/product_brand?post=9440"},{"taxonomy":"product_cat","embeddable":true,"href":"https:\/\/www.valtekno.fi\/kauppa\/wp-json\/wp\/v2\/product_cat?post=9440"},{"taxonomy":"product_tag","embeddable":true,"href":"https:\/\/www.valtekno.fi\/kauppa\/wp-json\/wp\/v2\/product_tag?post=9440"}],"curies":[{"name":"wp","href":"https:\/\/api.w.org\/{rel}","templated":true}]}}