{"id":8054,"date":"2022-08-15T10:22:44","date_gmt":"2022-08-15T07:22:44","guid":{"rendered":"https:\/\/www.valtekno.fi\/kauppa\/?post_type=product&#038;p=8054"},"modified":"2026-04-19T14:58:19","modified_gmt":"2026-04-19T11:58:19","slug":"puristuspihdit-mc4-liittimille-22","status":"publish","type":"product","link":"https:\/\/www.valtekno.fi\/kauppa\/tuote\/puristuspihdit-mc4-liittimille-22\/","title":{"rendered":"Puristuspihdit MC4-liittimille"},"content":{"rendered":"<p>Hyv\u00e4n liitoksen tekeminen MC4-liittimell\u00e4 vaatii kunnolliset puristuspihdit, joilla puristetaan liittimen kontaktiosa kiinni johtoon. N\u00e4ill\u00e4 teet luotettavat liitokset helposti ja nopeasti 2.5, 4.0 ja 6.0 mm\u00b2 aurinkos\u00e4hk\u00f6johtoihin.<\/p>\n","protected":false},"excerpt":{"rendered":"<p>Hyv\u00e4n liitoksen tekeminen MC4-liittimell\u00e4 vaatii kunnolliset puristuspihdit, joilla puristetaan liittimen kontaktiosa kiinni johtoon. N\u00e4ill\u00e4 teet luotettavat liitokset helposti ja nopeasti 2.5, 4.0 ja 6.0 mm\u00b2 aurinkos\u00e4hk\u00f6johtoihin.<\/p>\n","protected":false},"featured_media":8058,"template":"","meta":{"jetpack_post_was_ever_published":false,"jetpack_publicize_message":"","jetpack_publicize_feature_enabled":true,"jetpack_social_post_already_shared":true,"jetpack_social_options":{"image_generator_settings":{"template":"highway","default_image_id":0,"font":"","enabled":false},"version":2}},"product_brand":[],"product_cat":[264,205],"product_tag":[59,56,57,58,60],"class_list":{"0":"post-8054","1":"product","2":"type-product","3":"status-publish","4":"has-post-thumbnail","6":"product_cat-johdot-ja-liittimet","7":"product_cat-poistot","8":"product_tag-liitin","9":"product_tag-mc4","10":"product_tag-pihdit","11":"product_tag-puristuspihdit","12":"product_tag-tyokalu","14":"first","15":"instock","16":"taxable","17":"shipping-taxable","18":"purchasable","19":"product-type-simple"},"bundled_by":[],"bundle_stock_status":"instock","bundle_stock_quantity":2,"bundle_virtual":false,"bundle_layout":"","bundle_add_to_cart_form_location":"","bundle_editable_in_cart":false,"bundle_sold_individually_context":"","bundle_item_grouping":"","bundle_min_size":"","bundle_max_size":"","bundle_price":[],"bundled_items":[],"bundle_sell_ids":[],"jetpack_publicize_connections":[],"jetpack_sharing_enabled":true,"_links":{"self":[{"href":"https:\/\/www.valtekno.fi\/kauppa\/wp-json\/wp\/v2\/product\/8054","targetHints":{"allow":["GET"]}}],"collection":[{"href":"https:\/\/www.valtekno.fi\/kauppa\/wp-json\/wp\/v2\/product"}],"about":[{"href":"https:\/\/www.valtekno.fi\/kauppa\/wp-json\/wp\/v2\/types\/product"}],"wp:featuredmedia":[{"embeddable":true,"href":"https:\/\/www.valtekno.fi\/kauppa\/wp-json\/wp\/v2\/media\/8058"}],"wp:attachment":[{"href":"https:\/\/www.valtekno.fi\/kauppa\/wp-json\/wp\/v2\/media?parent=8054"}],"wp:term":[{"taxonomy":"product_brand","embeddable":true,"href":"https:\/\/www.valtekno.fi\/kauppa\/wp-json\/wp\/v2\/product_brand?post=8054"},{"taxonomy":"product_cat","embeddable":true,"href":"https:\/\/www.valtekno.fi\/kauppa\/wp-json\/wp\/v2\/product_cat?post=8054"},{"taxonomy":"product_tag","embeddable":true,"href":"https:\/\/www.valtekno.fi\/kauppa\/wp-json\/wp\/v2\/product_tag?post=8054"}],"curies":[{"name":"wp","href":"https:\/\/api.w.org\/{rel}","templated":true}]}}