{"id":5955,"date":"2022-02-02T12:22:28","date_gmt":"2022-02-02T10:22:28","guid":{"rendered":"https:\/\/www.valtekno.fi\/kauppa\/?post_type=product&#038;p=5955"},"modified":"2026-04-10T13:45:20","modified_gmt":"2026-04-10T10:45:20","slug":"monitoimimittari-tasavirtajarjestelmiin2","status":"publish","type":"product","link":"https:\/\/www.valtekno.fi\/kauppa\/tuote\/monitoimimittari-tasavirtajarjestelmiin2\/","title":{"rendered":"Monitoimi&shy;mittari tasavirta&shy;j\u00e4rjestelmiin, sis\u00e4\u00e4n&shy;rakennettu mittaus&shy;vastus"},"content":{"rendered":"<p>Haluatko n\u00e4hd\u00e4 kuinka paljon matkailuauton laitteet kuluttavat virtaa? Vai haluatko n\u00e4hd\u00e4 aurinkopaneelien tuoton? T\u00e4ll\u00e4 edullisella mittarilla onnistuu nuo molemmat ja sopii se toki moniin muihinkin sovelluksiin. Selke\u00e4, helppolukuinen n\u00e4ytt\u00f6, jossa my\u00f6s tarvittaessa taustavalaistus. T\u00e4ss\u00e4 mallissa mittausvastus, eli ns. shuntti on mittarissa sis\u00e4\u00e4nrakennettuna. T\u00e4m\u00e4 kannattaa huomioida asennuspaikan valinnassa, eli mittari tulisi saada akkuun menev\u00e4n miinusjohdon v\u00e4liin.<\/p>\n<p>Laitteella voidaan mitata piiriss\u00e4 kulkeva virta kaikissa 0-300 V -tasavirtaj\u00e4rjestelmiss\u00e4. Mittaus tapahtuu sis\u00e4\u00e4nrakennetun mittausvastuksen avulla. Maksimi mittausvirta on 50, 100 tai 200 A, valitse k\u00e4ytt\u00f6tarkoitukseesi sopiva malli.<\/p>\n<p>Virta-arvon lis\u00e4ksi n\u00e4yt\u00f6ss\u00e4 on j\u00e4rjestelm\u00e4n j\u00e4nnite, hetkellinen kulutettu\/tuotettu teho ja arvon nollaamisen j\u00e4lkeen kulutettu\/tuotettu energia (kWh\/Wh). Mittari n\u00e4ytt\u00e4\u00e4 virran kahteen suuntaan, eli kulutus n\u00e4kyy miinusmerkkisen\u00e4 ja mahdollinen lataus esim. aurinkopaneelista n\u00e4kyy plusmerkkisen\u00e4.<\/p>\n<p>Jos mitattava j\u00e4nnite on 8-300 V, tarvitsee kytke\u00e4 johdot ainoastaan \u201cTEST\u201d-liittimeen. Jos mitattava j\u00e4nnite on alle 8 V, kytket\u00e4\u00e4n \u201cPOWER\u201d-liittimeen 5-12 VDC j\u00e4nnite.<\/p>\n","protected":false},"excerpt":{"rendered":"<p>Haluatko n\u00e4hd\u00e4 kuinka paljon matkailuauton laitteet kuluttavat virtaa? Vai haluatko n\u00e4hd\u00e4 aurinkopaneelien tuoton? T\u00e4ll\u00e4 edullisella mittarilla onnistuu nuo molemmat ja sopii se toki moniin muihinkin sovelluksiin. Selke\u00e4, helppolukuinen n\u00e4ytt\u00f6, jossa my\u00f6s tarvittaessa taustavalaistus. T\u00e4ss\u00e4 mallissa mittausvastus, eli ns. shuntti on mittarissa sis\u00e4\u00e4nrakennettuna. T\u00e4m\u00e4 kannattaa huomioida asennuspaikan valinnassa, eli mittari tulisi saada akkuun menev\u00e4n miinusjohdon v\u00e4liin. [&hellip;]<\/p>\n","protected":false},"featured_media":5971,"template":"","meta":{"jetpack_post_was_ever_published":false,"jetpack_publicize_message":"","jetpack_publicize_feature_enabled":true,"jetpack_social_post_already_shared":true,"jetpack_social_options":{"image_generator_settings":{"template":"highway","default_image_id":0,"font":"","enabled":false},"version":2}},"product_brand":[],"product_cat":[32,34,205,131],"product_tag":[42,147,49,144,146,143,133,148,145,50,105,142,141],"class_list":{"0":"post-5955","1":"product","2":"type-product","3":"status-publish","4":"has-post-thumbnail","6":"product_cat-lisavarusteet","7":"product_cat-lisavarusteet-invertterit","8":"product_cat-poistot","9":"product_cat-varustelu","10":"product_tag-aurinkopaneeli","11":"product_tag-aurinkosahko","12":"product_tag-autoon","13":"product_tag-dc","14":"product_tag-jannite","15":"product_tag-kulutus","16":"product_tag-lataus","17":"product_tag-pzem","18":"product_tag-tasavirta","19":"product_tag-vaunuun","20":"product_tag-veneeseen","21":"product_tag-virranmittaus","22":"product_tag-virtamittari","24":"first","25":"instock","26":"taxable","27":"shipping-taxable","28":"purchasable","29":"product-type-variable"},"bundled_by":[],"bundle_stock_status":"instock","bundle_stock_quantity":null,"bundle_virtual":false,"bundle_layout":"","bundle_add_to_cart_form_location":"","bundle_editable_in_cart":false,"bundle_sold_individually_context":"","bundle_item_grouping":"","bundle_min_size":"","bundle_max_size":"","bundle_price":[],"bundled_items":[],"bundle_sell_ids":[],"jetpack_publicize_connections":[],"jetpack_sharing_enabled":true,"_links":{"self":[{"href":"https:\/\/www.valtekno.fi\/kauppa\/wp-json\/wp\/v2\/product\/5955","targetHints":{"allow":["GET"]}}],"collection":[{"href":"https:\/\/www.valtekno.fi\/kauppa\/wp-json\/wp\/v2\/product"}],"about":[{"href":"https:\/\/www.valtekno.fi\/kauppa\/wp-json\/wp\/v2\/types\/product"}],"wp:featuredmedia":[{"embeddable":true,"href":"https:\/\/www.valtekno.fi\/kauppa\/wp-json\/wp\/v2\/media\/5971"}],"wp:attachment":[{"href":"https:\/\/www.valtekno.fi\/kauppa\/wp-json\/wp\/v2\/media?parent=5955"}],"wp:term":[{"taxonomy":"product_brand","embeddable":true,"href":"https:\/\/www.valtekno.fi\/kauppa\/wp-json\/wp\/v2\/product_brand?post=5955"},{"taxonomy":"product_cat","embeddable":true,"href":"https:\/\/www.valtekno.fi\/kauppa\/wp-json\/wp\/v2\/product_cat?post=5955"},{"taxonomy":"product_tag","embeddable":true,"href":"https:\/\/www.valtekno.fi\/kauppa\/wp-json\/wp\/v2\/product_tag?post=5955"}],"curies":[{"name":"wp","href":"https:\/\/api.w.org\/{rel}","templated":true}]}}