{"id":4142,"date":"2021-06-07T11:05:35","date_gmt":"2021-06-07T08:05:35","guid":{"rendered":"https:\/\/www.valtekno.fi\/kauppa\/?post_type=product&#038;p=4142"},"modified":"2026-03-06T10:40:20","modified_gmt":"2026-03-06T08:40:20","slug":"liitantajohdot-aurinkopaneelilta-lataussaatimelle-mc4-liittimilla-6-mm","status":"publish","type":"product","link":"https:\/\/www.valtekno.fi\/kauppa\/tuote\/liitantajohdot-aurinkopaneelilta-lataussaatimelle-mc4-liittimilla-6-mm\/","title":{"rendered":"Liit\u00e4nt\u00e4johdot aurinkopaneelilta latauss\u00e4\u00e4timelle, MC4-liittimill\u00e4, 6 mm\u00b2"},"content":{"rendered":"<p>N\u00e4ill\u00e4 johdoilla voidaan kytke\u00e4 aurinkopaneeli latauss\u00e4\u00e4timeen. Sis\u00e4lt\u00e4\u00e4 kaksi johtoa: punainen ja musta. Valmiiksi asennetut MC4-liittimet paneelin johdoille.<\/p>\n<p>Johdot: 6 mm\u00b2 aurinkopaneelijohto. Ulkohalkaisija 6,2 mm. K\u00e4ytt\u00f6l\u00e4mp\u00f6tila: -40 \u2013 +90 \u00baC.<\/p>\n<p>Valitse johtojen pituus oheisesta valikosta. Ota yhteytt\u00e4, mik\u00e4li tarvitset esim. pidemm\u00e4t johdot: <a href=\"mailto:t.valtonen@valtekno.fi\">t.valtonen@valtekno.fi<\/a><\/p>\n","protected":false},"excerpt":{"rendered":"<p>N\u00e4ill\u00e4 johdoilla voidaan kytke\u00e4 aurinkopaneeli latauss\u00e4\u00e4timeen. Sis\u00e4lt\u00e4\u00e4 kaksi johtoa: punainen ja musta. Valmiiksi asennetut MC4-liittimet paneelin johdoille. Johdot: 6 mm\u00b2 aurinkopaneelijohto. Ulkohalkaisija 6,2 mm. K\u00e4ytt\u00f6l\u00e4mp\u00f6tila: -40 \u2013 +90 \u00baC. Valitse johtojen pituus oheisesta valikosta. Ota yhteytt\u00e4, mik\u00e4li tarvitset esim. pidemm\u00e4t johdot: t.valtonen@valtekno.fi<\/p>\n","protected":false},"featured_media":4087,"template":"","meta":{"jetpack_post_was_ever_published":false,"jetpack_publicize_message":"","jetpack_publicize_feature_enabled":true,"jetpack_social_post_already_shared":true,"jetpack_social_options":{"image_generator_settings":{"template":"highway","default_image_id":0,"font":"","enabled":false},"version":2}},"product_brand":[],"product_cat":[264],"product_tag":[42,159,90,67,160,48],"class_list":{"0":"post-4142","1":"product","2":"type-product","3":"status-publish","4":"has-post-thumbnail","6":"product_cat-johdot-ja-liittimet","7":"product_tag-aurinkopaneeli","8":"product_tag-aurinkopaneelin","9":"product_tag-johto","10":"product_tag-kaapeli","11":"product_tag-matkailuauto","12":"product_tag-paneeli","14":"first","15":"instock","16":"taxable","17":"shipping-taxable","18":"purchasable","19":"product-type-variable"},"bundled_by":["3326","4914","5249","6641","6891","7021","10386"],"bundle_stock_status":"instock","bundle_stock_quantity":16,"bundle_virtual":false,"bundle_layout":"","bundle_add_to_cart_form_location":"","bundle_editable_in_cart":false,"bundle_sold_individually_context":"","bundle_item_grouping":"","bundle_min_size":"","bundle_max_size":"","bundle_price":[],"bundled_items":[],"bundle_sell_ids":[],"jetpack_publicize_connections":[],"jetpack_sharing_enabled":true,"_links":{"self":[{"href":"https:\/\/www.valtekno.fi\/kauppa\/wp-json\/wp\/v2\/product\/4142","targetHints":{"allow":["GET"]}}],"collection":[{"href":"https:\/\/www.valtekno.fi\/kauppa\/wp-json\/wp\/v2\/product"}],"about":[{"href":"https:\/\/www.valtekno.fi\/kauppa\/wp-json\/wp\/v2\/types\/product"}],"wp:featuredmedia":[{"embeddable":true,"href":"https:\/\/www.valtekno.fi\/kauppa\/wp-json\/wp\/v2\/media\/4087"}],"wp:attachment":[{"href":"https:\/\/www.valtekno.fi\/kauppa\/wp-json\/wp\/v2\/media?parent=4142"}],"wp:term":[{"taxonomy":"product_brand","embeddable":true,"href":"https:\/\/www.valtekno.fi\/kauppa\/wp-json\/wp\/v2\/product_brand?post=4142"},{"taxonomy":"product_cat","embeddable":true,"href":"https:\/\/www.valtekno.fi\/kauppa\/wp-json\/wp\/v2\/product_cat?post=4142"},{"taxonomy":"product_tag","embeddable":true,"href":"https:\/\/www.valtekno.fi\/kauppa\/wp-json\/wp\/v2\/product_tag?post=4142"}],"curies":[{"name":"wp","href":"https:\/\/api.w.org\/{rel}","templated":true}]}}