{"id":3493,"date":"2021-05-05T08:39:06","date_gmt":"2021-05-05T05:39:06","guid":{"rendered":"https:\/\/www.valtekno.fi\/kauppa\/?post_type=product&#038;p=3493"},"modified":"2026-02-21T18:35:14","modified_gmt":"2026-02-21T16:35:14","slug":"asennusjohto-6-mm2-musta","status":"publish","type":"product","link":"https:\/\/www.valtekno.fi\/kauppa\/tuote\/asennusjohto-6-mm2-musta\/","title":{"rendered":"Asennusjohto 6 mm\u00b2, musta"},"content":{"rendered":"<p>Musta hienos\u00e4ikeinen asennusjohto 6 mm\u00b2. Voidaan k\u00e4ytt\u00e4\u00e4 esim. latauss\u00e4\u00e4timen kytkemiseen akkuun. Hinta eur\/metri, 1 kpl = 1 metri.<\/p>\n","protected":false},"excerpt":{"rendered":"<p>Musta hienos\u00e4ikeinen asennusjohto 6 mm\u00b2. Voidaan k\u00e4ytt\u00e4\u00e4 esim. latauss\u00e4\u00e4timen kytkemiseen akkuun. Hinta eur\/metri, 1 kpl = 1 metri.<\/p>\n","protected":false},"featured_media":3491,"template":"","meta":{"jetpack_post_was_ever_published":false,"jetpack_publicize_message":"","jetpack_publicize_feature_enabled":true,"jetpack_social_post_already_shared":true,"jetpack_social_options":{"image_generator_settings":{"template":"highway","default_image_id":0,"font":"","enabled":false},"version":2}},"product_brand":[],"product_cat":[264],"product_tag":[111,243,90,67],"class_list":{"0":"post-3493","1":"product","2":"type-product","3":"status-publish","4":"has-post-thumbnail","6":"product_cat-johdot-ja-liittimet","7":"product_tag-6-mm2","8":"product_tag-asennusjohto","9":"product_tag-johto","10":"product_tag-kaapeli","12":"first","13":"instock","14":"taxable","15":"shipping-taxable","16":"purchasable","17":"product-type-simple"},"bundled_by":["3736"],"bundle_stock_status":"instock","bundle_stock_quantity":4,"bundle_virtual":false,"bundle_layout":"","bundle_add_to_cart_form_location":"","bundle_editable_in_cart":false,"bundle_sold_individually_context":"","bundle_item_grouping":"","bundle_min_size":"","bundle_max_size":"","bundle_price":[],"bundled_items":[],"bundle_sell_ids":[],"jetpack_publicize_connections":[],"jetpack_sharing_enabled":true,"_links":{"self":[{"href":"https:\/\/www.valtekno.fi\/kauppa\/wp-json\/wp\/v2\/product\/3493","targetHints":{"allow":["GET"]}}],"collection":[{"href":"https:\/\/www.valtekno.fi\/kauppa\/wp-json\/wp\/v2\/product"}],"about":[{"href":"https:\/\/www.valtekno.fi\/kauppa\/wp-json\/wp\/v2\/types\/product"}],"wp:featuredmedia":[{"embeddable":true,"href":"https:\/\/www.valtekno.fi\/kauppa\/wp-json\/wp\/v2\/media\/3491"}],"wp:attachment":[{"href":"https:\/\/www.valtekno.fi\/kauppa\/wp-json\/wp\/v2\/media?parent=3493"}],"wp:term":[{"taxonomy":"product_brand","embeddable":true,"href":"https:\/\/www.valtekno.fi\/kauppa\/wp-json\/wp\/v2\/product_brand?post=3493"},{"taxonomy":"product_cat","embeddable":true,"href":"https:\/\/www.valtekno.fi\/kauppa\/wp-json\/wp\/v2\/product_cat?post=3493"},{"taxonomy":"product_tag","embeddable":true,"href":"https:\/\/www.valtekno.fi\/kauppa\/wp-json\/wp\/v2\/product_tag?post=3493"}],"curies":[{"name":"wp","href":"https:\/\/api.w.org\/{rel}","templated":true}]}}