{"id":1069,"date":"2019-02-26T11:15:54","date_gmt":"2019-02-26T09:15:54","guid":{"rendered":"https:\/\/www.valtekno.fi\/kauppa\/?post_type=product&#038;p=1069"},"modified":"2026-03-12T08:51:21","modified_gmt":"2026-03-12T06:51:21","slug":"aurinkopaneelin-kiinnikesarja-nurkat","status":"publish","type":"product","link":"https:\/\/www.valtekno.fi\/kauppa\/tuote\/aurinkopaneelin-kiinnikesarja-nurkat\/","title":{"rendered":"Aurinkopaneelin kulmakiinnikkeet, 4 kpl, valkoinen"},"content":{"rendered":"<p>Valkoisesta ABS-muovista valmistettu kiinnikesarja. Sis\u00e4lt\u00e4\u00e4 4 kpl kulmakiinnikkeit\u00e4.<\/p>\n<p>Nostaa paneelin katosta n. 2.6 cm korkeudelle, joka on t\u00e4rke\u00e4\u00e4 paneelin j\u00e4\u00e4hdytyksen vuoksi. Korkeassa l\u00e4mp\u00f6tilassa paneelin hy\u00f6tysuhde pienenee.<\/p>\n<p>Kiinnitet\u00e4\u00e4n kattoon tarkoitukseen sopivalla liimamassalla. Paneeli kiinnitet\u00e4\u00e4n kiinnikkeisiin <strong>ruuveilla, jotka sis\u00e4ltyv\u00e4t hintaan.<\/strong><\/p>\n","protected":false},"excerpt":{"rendered":"<p>Valkoisesta ABS-muovista valmistettu kiinnikesarja. Sis\u00e4lt\u00e4\u00e4 4 kpl kulmakiinnikkeit\u00e4. Nostaa paneelin katosta n. 2.6 cm korkeudelle, joka on t\u00e4rke\u00e4\u00e4 paneelin j\u00e4\u00e4hdytyksen vuoksi. Korkeassa l\u00e4mp\u00f6tilassa paneelin hy\u00f6tysuhde pienenee. Kiinnitet\u00e4\u00e4n kattoon tarkoitukseen sopivalla liimamassalla. Paneeli kiinnitet\u00e4\u00e4n kiinnikkeisiin ruuveilla, jotka sis\u00e4ltyv\u00e4t hintaan.<\/p>\n","protected":false},"featured_media":10721,"template":"","meta":{"jetpack_post_was_ever_published":false,"jetpack_publicize_message":"","jetpack_publicize_feature_enabled":true,"jetpack_social_post_already_shared":true,"jetpack_social_options":{"image_generator_settings":{"template":"highway","default_image_id":0,"font":"","enabled":false},"version":2}},"product_brand":[],"product_cat":[262],"product_tag":[102,103,42,75,79,80,78,100,101,77],"class_list":{"0":"post-1069","1":"product","2":"type-product","3":"status-publish","4":"has-post-thumbnail","6":"product_cat-paneelien-kiinnitys","7":"product_tag-asuntoautoon","8":"product_tag-asuntovaunuun","9":"product_tag-aurinkopaneeli","10":"product_tag-kiinnike","11":"product_tag-kiinnikesarja","12":"product_tag-kiinnitys","13":"product_tag-kulmakiinnike","14":"product_tag-matkailuautoon","15":"product_tag-matkailuvaunuun","16":"product_tag-sivukiinnike","18":"first","19":"instock","20":"taxable","21":"shipping-taxable","22":"purchasable","23":"product-type-simple"},"bundled_by":["1180","1257","1305","2068","2070","2298","2444","2706","3374","6640"],"bundle_stock_status":"instock","bundle_stock_quantity":3,"bundle_virtual":false,"bundle_layout":"","bundle_add_to_cart_form_location":"","bundle_editable_in_cart":false,"bundle_sold_individually_context":"","bundle_item_grouping":"","bundle_min_size":"","bundle_max_size":"","bundle_price":[],"bundled_items":[],"bundle_sell_ids":[1058,1774,10701],"jetpack_publicize_connections":[],"jetpack_sharing_enabled":true,"_links":{"self":[{"href":"https:\/\/www.valtekno.fi\/kauppa\/wp-json\/wp\/v2\/product\/1069","targetHints":{"allow":["GET"]}}],"collection":[{"href":"https:\/\/www.valtekno.fi\/kauppa\/wp-json\/wp\/v2\/product"}],"about":[{"href":"https:\/\/www.valtekno.fi\/kauppa\/wp-json\/wp\/v2\/types\/product"}],"wp:featuredmedia":[{"embeddable":true,"href":"https:\/\/www.valtekno.fi\/kauppa\/wp-json\/wp\/v2\/media\/10721"}],"wp:attachment":[{"href":"https:\/\/www.valtekno.fi\/kauppa\/wp-json\/wp\/v2\/media?parent=1069"}],"wp:term":[{"taxonomy":"product_brand","embeddable":true,"href":"https:\/\/www.valtekno.fi\/kauppa\/wp-json\/wp\/v2\/product_brand?post=1069"},{"taxonomy":"product_cat","embeddable":true,"href":"https:\/\/www.valtekno.fi\/kauppa\/wp-json\/wp\/v2\/product_cat?post=1069"},{"taxonomy":"product_tag","embeddable":true,"href":"https:\/\/www.valtekno.fi\/kauppa\/wp-json\/wp\/v2\/product_tag?post=1069"}],"curies":[{"name":"wp","href":"https:\/\/api.w.org\/{rel}","templated":true}]}}